t h(p) = -6*p**2 - 204*p - 128. Calculate h(-33).
70
Let u(r) = 494*r**2 - 8186*r + 261. Determine u(16).
-4251
Let u(l) = -2*l**2 - 1193*l + 27171. Calculate u(22).
-43
Let l(a) = -3*a**2 + 25405*a - 809881. Give l(32).
7
Let b(t) = 42*t**3 - 7*t**2 - 8*t + 23. Determine b(2).
315
Let k(m) = -m**3 + 11*m**2 + 22*m - 70. Give k(16).
-998
Let d(z) = -1207*z - 9551. Calculate d(-8).
105
Let t(u) = -9705*u + 2969756. Calculate t(306).
26
Let f(l) = -11789*l**2 + 3065140*l + 11. What is f(260)?
11
Let w(p) = -11*p**3 - 34*p**2 - 133*p - 386. Determine w(-3).
4
Let m(f) = -f**2 - 21889*f - 65705. Give m(-3).
-47
Let b(c) = -985*c + 458037. Calculate b(465).
12
Let a(x) = 209*x**2 - 2508*x - 3. Calculate a(12).
-3
Let p(x) = 1972*x + 3254. What is p(-1)?
1282
Let w(g) = 3*g**2 - 923*g + 3346. What is w(304)?
2
Let f(i) = 7269*i + 7921. Give f(-1).
652
Let q(o) = -o**2 - 60*o + 123718. What is q(-383)?
9
Let f(q) = q**2 - 976*q - 220273. Determine f(-189).
-88
Let z(m) = -3*m**2 - 81*m + 811. Give z(-34).
97
Let a(g) = -17*g**2 - 1642*g - 9228. Determine a(-6).
12
Let f(u) = 2390*u - 301133. Give f(126).
7
Let c(k) = -5168*k + 77479. What is c(15)?
-41
Let n(q) = -8*q**3 - 24509*q**2 + 24512*q - 2. What is n(1)?
-7
Let n(f) = -31*f**3 + 275*f**2 - 801*f - 51. Give n(3).
-816
Let h(w) = 17*w**3 - 14*w**2 + 38*w - 147. What is h(3)?
300
Let m(r) = -2363*r - 31140. Determine m(-14).
1942
Let n(y) = -103603*y - 2486447. Give n(-24).
25
Let i(m) = -2*m**3 - 2437*m**2 - 5592*m + 593404. What is i(-1216)?
-4
Let m(t) = -2615*t - 381765. What is m(-146)?
25
Let x(c) = 216*c**2 + 5600*c - 463. Calculate x(-26).
-47
Let x(d) = 310*d + 11709. Calculate x(-35).
859
Let u(z) = 8249*z - 16453. Give u(2).
45
Let o(x) = -x**3 + 22*x**2 + 77*x - 376. Determine o(23).
866
Let s(i) = 652*i + 425810. Give s(-653).
54
Let m(h) = 7918*h - 86789. Calculate m(11).
309
Let o(h) = -2*h**2 - 130*h - 2036. Calculate o(-23).
-104
Let r(g) = 18*g**2 - 86*g + 198. Calculate r(4).
142
Let r(k) = 7*k**3 + 1819*k**2 - 279*k - 4931. Give r(-260).
9
Let i(u) = -4*u**3 - 45*u**2 + 3308*u - 574. What is i(-35)?
21
Let m(h) = -40972*h - 614547. Calculate m(-15).
33
Let x(z) = -16125*z - 257956. Calculate x(-16).
44
Let g(i) = -108*i + 2460. Determine g(31).
-888
Let p(m) = -m**3 - 29*m**2 + 1020*m - 1525. Calculate p(-50).
-25
Let u(c) = 4*c**2 + 310*c - 6417. What is u(17)?
9
Let u(j) = -43*j**2 - 151*j - 192. What is u(-5)?
-512
Let d(i) = 621*i**2 + 2*i - 15. Calculate d(0).
-15
Let b(z) = z**2 - 100647*z + 704456. What is b(7)?
-24
Let z(k) = -21*k**3 + 635*k**2 + 786*k - 8987. Determine z(31).
3
Let s(k) = k**3 - 907*k**2 + 145877*k + 3422. Calculate s(698).
-68
Let d(n) = 5*n**3 + 1105*n**2 + 1156*n + 12371. Determine d(-220).
51
Let l(b) = 30*b**2 - 1995*b + 32946. Determine l(36).
6
Let a(i) = 3*i**3 + 76*i**2 + 61*i + 72. Calculate a(-26).
-2866
Let m(f) = -f**2 + 94*f + 11943. Determine m(162).
927
Let u(j) = 6*j**2 + 464*j - 5561. Determine u(-88).
71
Let p(k) = 94*k**2 + 597*k + 646. Give p(-5).
11
Let x(j) = -40666*j + 10085148. What is x(248)?
-20
Let l(v) = -2292*v - 34410. Give l(-15).
-30
Let r(d) = 2*d**2 - 164*d - 6437. Give r(-29).
1
Let n(r) = 126*r**2 - 154*r - 30. Determine n(2).
166
Let z(b) = 20*b**3 + 148*b**2 - 6*b - 4. What is z(-7)?
430
Let q(r) = -13*r**3 + 4651*r**2 - 8164*r - 8532. What is q(356)?
12
Let y(w) = 651*w + 18992. Determine y(-29).
113
Let b(w) = -w**2 + 524*w - 24969. Give b(53).
-6
Let s(w) = w**3 - 94*w**2 + 11590*w - 1131064. Give s(96).
8
Let m(d) = 3*d**3 - 330*d**2 - 343*d + 1120. Determine m(111).
10
Let d(q) = 139*q + 1079. What is d(-4)?
523
Let x(a) = -3*a**2 - 181*a + 10545. Give x(39).
-1077
Let y(c) = 4736*c - 217769. Calculate y(46).
87
Let y(a) = -a**3 - 96*a**2 + 395*a + 19602. Calculate y(-98).
100
Let p(z) = -z**3 - 34*z**2 + 37*z + 1030. What is p(-35)?
960
Let y(b) = 2*b**2 + 83*b - 178. Give y(-43).
-49
Let x(s) = 6077*s - 65447. What is x(11)?
1400
Let w(p) = 55*p**2 - 4516*p + 453. Calculate w(82).
-39
Let f(h) = 32*h + 2869. What is f(-75)?
469
Let x(f) = -f**2 + 109*f - 3561. Calculate x(55).
-591
Let v(z) = -z**2 - 37*z + 161. What is v(-42)?
-49
Let o(q) = 287*q**2 + 2011*q + 40. Give o(-7).
26
Let x(i) = -i**3 + 671*i**2 + 184*i - 123458. Determine x(671).
6
Let v(s) = -250*s**2 - 2720*s + 3357. What is v(-12)?
-3
Let c(q) = 44*q**2 - 7*q + 7. Give c(-2).
197
Let y(o) = -7*o**2 + 313*o - 1134. Give y(46).
-1548
Let h(n) = -18*n - 1746. Give h(-124).
486
Let j(g) = g**3 + 262*g**2 - 33*g - 8671. Determine j(-262).
-25
Let x(t) = -2*t**3 + 82*t**2 - 427*t + 237. What is x(35)?
-8
Let w(y) = 142*y - 891. Give w(4).
-323
Let p(l) = 3652*l + 7442. Give p(-2).
138
Let d(j) = -j**2 + 1984*j - 295160. Determine d(162).
4
Let w(v) = -127919*v + 383756. Give w(3).
-1
Let z(p) = -2*p**3 - 327*p**2 - 11474*p + 64. Give z(-51).
13
Let q(y) = 1320*y - 139407. Determine q(105).
-807
Let j(m) = m**3 + 327*m**2 + 634*m - 5131. Calculate j(-325).
69
Let v(p) = p**3 + 56*p**2 + 138*p + 1275. What is v(-54)?
-345
Let v(f) = -4447*f - 2614835. Give v(-588).
1
Let s(j) = -2*j**2 + 145*j - 4452. Calculate s(37).
-1825
Let r(d) = 3384895*d - 37233838. What is r(11)?
7
Let y(p) = -435359*p + 435342. Calculate y(1).
-17
Let h(b) = -2*b**2 + 300730*b + 2706732. Calculate h(-9).
0
Let u(p) = 330*p**2 - 27060*p - 8. What is u(82)?
-8
Let t(u) = u**3 + 59*u**2 - 1092*u + 647. Calculate t(-73).
5757
Let r(h) = -5942*h - 41574. Determine r(-7).
20
Let x(j) = 259320*j - 4927075. Calculate x(19).
5
Let w(f) = 2*f**2 + 832*f - 27095. What is w(31)?
619
Let y(f) = f**3 + f**2 + 137*f - 566. Determine y(6).
508
Let t(v) = -255*v + 17175. Give t(48).
4935
Let c(s) = -s**2 + 1311*s - 301863. Calculate c(298).
11
Let q(y) = -5*y**2 + 109*y + 1063. Calculate q(28).
195
Let f(x) = x**3 - 112*x**2 + 2047*x + 6. Calculate f(23).
6
Let o(i) = 2*i**3 - 16*i**2 - 1689*i + 2020. Give o(-26).
-34
Let z(d) = -13549*d + 1774925. Calculate z(131).
6
Let m(i) = 5*i**2 - 31320*i - 125355. Calculate m(-4).
5
Let x(a) = 26315*a - 710509. What is x(27)?
-4
Let v(y) = -432246*y + 12535137. What is v(29)?
3
Let i(w) = -w**2 - 880*w + 16299. Give i(18).
135
Let m(r) = -2548*r**2 + 35675*r - 58. What is m(14)?
-16
Let y(z) = 52*z**2 + 6*z - 1113. What is y(-5)?
157
Let o(r) = -2424*r - 237522. What is o(-98)?
30
Let b(k) = -689*k + 335586. Calculate b(487).
43
Let r(h) = 3*h**3 - 37*h**2 - 8*h + 579. Determine r(9).
-303
Let s(h) = -14*h**3 - 3372*h**2 + 445*h - 8920. Determine s(-241).
-3
Let r(y) = -3062*y + 14414. Determine r(5).
-896
Let q(i) = i**3 - 228*i**2 - 818*i - 80829. Give q(233).
22
Let n(c) = 1553*c - 736120. What is n(474)?
2
Let o(u) = -2337*u + 1243. Calculate o(0).
1243
Let j(l) = 89*l**2 + 29018*l + 1307. Give j(-326).
3
Let u(x) = -257497*x + 14677328. Calculate u(57).
-1
Let k(a) = 13*a**2 - 8*a + 18. What is k(12)?
1794
Let u(y) = y**3 + 16*y**2 - 235*y - 3645. Determine u(-17).
61
Let c(f) = -49*f**3 - 6*f**2 + 11*f + 92. Calculate c(-5).
6012
Let k(g) = 543*g - 40770. Determine k(75).
-45
Let w(a) = -a**3 + 45*a**2 + 1143*a + 23. What is w(63)?
590
Let j(d) = 53845*d + 161534. Calculate j(-3).
-1
Let m(u) = u**2 - 577*u + 4539. Determine m(7).
549
Let k(l) = 179*l**2 + 22*l - 61. Give k(2).
699
Let m(c) = c**3 + 32*c**2 + 124*c + 263. Calculate m(-30).
-1657
Let d(y) = -31700*y - 190197. Determine d(-6).
3
Let z(l) = 292*l**2 - 34*l + 67. Calculate z(2).
1167
Let g(m) = 947*m + 5048. Calculate g(-5).
313
Let q(v) = -253*v + 1008. Give q(4).
-4
Let s(j) = -4*j**2 + 40*j + 7641. Determine s(-40).
-359
Let b(r) = r**3 + 9*r**2 - 14*r + 90. Determine b(-11).
2
Let o(b) = -3*b**3 + 1175*b**2 - 781*b - 403. Determine o(391).
-12
Let p(l) = 886*l + 150588. Give p(-170).
-32
Let f(s) = -5*s**2 - 33*s - 29. What is f(0)?
-29
Let r(b) = -65132*b + 325678. What is r(5)?
18
Let o(f) = 1954*f - 893279. What is o(457)?
-301
Let z(d) = 75*d + 1873. Calculate z(-16).
673
Let c(b) = -8*b**2 - 24694*b - 98790. Give c(-4).
-142
Let n(o) = -2*o**3 - 13*o**2 + 1190*o - 5385. Calculate n(5).
-10
Let p(o) = 52*o**2 + 1770*o - 3650. Calculate p(-36).
22
Let f(o) = -71*o**2 + 1341*o + 1336. What is f(-1)?
-76
Let z(f) = -2443*f**2 + 153910*f - 56. Calculate z(63).
7
Let k